{"id":5,"date":"2018-03-08T03:13:59","date_gmt":"2018-03-08T02:13:59","guid":{"rendered":"http:\/\/entesit.cz\/?page_id=5"},"modified":"2025-09-15T11:55:45","modified_gmt":"2025-09-15T09:55:45","slug":"kontakt","status":"publish","type":"page","link":"https:\/\/www.entesit.cz\/index.php\/kontakt\/","title":{"rendered":"Kontakt"},"content":{"rendered":"\t\t<div data-elementor-type=\"wp-post\" data-elementor-id=\"5\" class=\"elementor elementor-5\">\n\t\t\t\t\t\t<section class=\"elementor-section elementor-top-section elementor-element elementor-element-f997a11 elementor-section-boxed elementor-section-height-default elementor-section-height-default\" data-id=\"f997a11\" data-element_type=\"section\">\n\t\t\t\t\t\t<div class=\"elementor-container elementor-column-gap-default\">\n\t\t\t\t\t<div class=\"elementor-column elementor-col-33 elementor-top-column elementor-element elementor-element-1096e15\" data-id=\"1096e15\" data-element_type=\"column\">\n\t\t\t<div class=\"elementor-widget-wrap elementor-element-populated\">\n\t\t\t\t\t\t<div class=\"elementor-element elementor-element-bb01d7c elementor-widget elementor-widget-text-editor\" data-id=\"bb01d7c\" data-element_type=\"widget\" data-widget_type=\"text-editor.default\">\n\t\t\t\t<div class=\"elementor-widget-container\">\n\t\t\t\t\t\t\t<h4><strong><span style=\"text-decoration: underline;\">Provozovna\/kancel\u00e1\u0159e\/sklad:<\/span><\/strong><\/h4><h4>ENTESIT s.r.o.<\/h4><h4>N\u00e1dra\u017e\u00ed 1120<\/h4><h4>\u00dajezd u Brna 664 53<\/h4>\t\t\t\t\t\t<\/div>\n\t\t\t\t<\/div>\n\t\t\t\t\t<\/div>\n\t\t<\/div>\n\t\t\t\t<div class=\"elementor-column elementor-col-33 elementor-top-column elementor-element elementor-element-21040e9\" data-id=\"21040e9\" data-element_type=\"column\">\n\t\t\t<div class=\"elementor-widget-wrap elementor-element-populated\">\n\t\t\t\t\t\t<div class=\"elementor-element elementor-element-64848e1 elementor-widget elementor-widget-text-editor\" data-id=\"64848e1\" data-element_type=\"widget\" data-widget_type=\"text-editor.default\">\n\t\t\t\t<div class=\"elementor-widget-container\">\n\t\t\t\t\t\t\t<h4 style=\"font-family: Roboto, sans-serif; font-size: 13px; font-style: normal; font-weight: 400;\"><span style=\"text-decoration: underline;\"><strong><span style=\"font-size: 13px; text-decoration-line: underline;\"><span style=\"font-family: Raleway, Helvetica, Arial; font-size: 16px; font-style: normal; color: #232323; text-decoration: underline;\">Kontakty:<\/span><\/span><\/strong><\/span><\/h4><h4>Tel.: +420 777 777 988<\/h4><h4>E-mail: info@entesit.cz<\/h4><div><h4 style=\"font-style: normal; transition-timing-function: ease; transition-property: all;\">www.entesit.cz<\/h4><\/div>\t\t\t\t\t\t<\/div>\n\t\t\t\t<\/div>\n\t\t\t\t<div class=\"elementor-element elementor-element-f8fedd7 elementor-view-default elementor-widget elementor-widget-icon\" data-id=\"f8fedd7\" data-element_type=\"widget\" data-widget_type=\"icon.default\">\n\t\t\t\t<div class=\"elementor-widget-container\">\n\t\t\t\t\t<div class=\"elementor-icon-wrapper\">\n\t\t\t<a class=\"elementor-icon\" href=\"https:\/\/www.facebook.com\/profile.php?id=61575331312080\">\n\t\t\t\t\t\t\t<i class=\"fa fa-facebook-official\" aria-hidden=\"true\"><\/i>\n\t\t\t\t\t\t<\/a>\n\t\t<\/div>\n\t\t\t\t<\/div>\n\t\t\t\t<\/div>\n\t\t\t\t\t<\/div>\n\t\t<\/div>\n\t\t\t\t<div class=\"elementor-column elementor-col-33 elementor-top-column elementor-element elementor-element-bf1a2be\" data-id=\"bf1a2be\" data-element_type=\"column\">\n\t\t\t<div class=\"elementor-widget-wrap elementor-element-populated\">\n\t\t\t\t\t\t<div class=\"elementor-element elementor-element-7b496ff elementor-widget elementor-widget-text-editor\" data-id=\"7b496ff\" data-element_type=\"widget\" data-widget_type=\"text-editor.default\">\n\t\t\t\t<div class=\"elementor-widget-container\">\n\t\t\t\t\t\t\t<h4><span style=\"text-decoration: underline;\"><strong>Faktura\u010dn\u00ed \u00fadaje\/s\u00eddlo:<\/strong><\/span><\/h4><h4>ENTESIT s.r.o.<\/h4><h4>Bezru\u010dova 694\/21<\/h4><h4>Brno 602 00<\/h4><h4>I\u010c: 29215641<\/h4><h4>DI\u010c: CZ29215641<\/h4>\t\t\t\t\t\t<\/div>\n\t\t\t\t<\/div>\n\t\t\t\t\t<\/div>\n\t\t<\/div>\n\t\t\t\t\t<\/div>\n\t\t<\/section>\n\t\t\t\t<section class=\"elementor-section elementor-top-section elementor-element elementor-element-ad9aa25 elementor-section-boxed elementor-section-height-default elementor-section-height-default\" data-id=\"ad9aa25\" data-element_type=\"section\">\n\t\t\t\t\t\t<div class=\"elementor-container elementor-column-gap-default\">\n\t\t\t\t\t<div class=\"elementor-column elementor-col-50 elementor-top-column elementor-element elementor-element-6b7a9ae\" data-id=\"6b7a9ae\" data-element_type=\"column\">\n\t\t\t<div class=\"elementor-widget-wrap elementor-element-populated\">\n\t\t\t\t\t\t<div class=\"elementor-element elementor-element-ec74d50 elementor-widget elementor-widget-image\" data-id=\"ec74d50\" data-element_type=\"widget\" data-widget_type=\"image.default\">\n\t\t\t\t<div class=\"elementor-widget-container\">\n\t\t\t\t\t\t\t\t\t\t\t\t\t<img fetchpriority=\"high\" decoding=\"async\" width=\"1024\" height=\"768\" src=\"https:\/\/www.entesit.cz\/wp-content\/uploads\/2022\/09\/HalaLogo-1024x768.jpg\" class=\"attachment-large size-large wp-image-264\" alt=\"\" srcset=\"https:\/\/www.entesit.cz\/wp-content\/uploads\/2022\/09\/HalaLogo-1024x768.jpg 1024w, https:\/\/www.entesit.cz\/wp-content\/uploads\/2022\/09\/HalaLogo-300x225.jpg 300w, https:\/\/www.entesit.cz\/wp-content\/uploads\/2022\/09\/HalaLogo-768x576.jpg 768w\" sizes=\"(max-width: 1024px) 100vw, 1024px\" \/>\t\t\t\t\t\t\t\t\t\t\t\t\t<\/div>\n\t\t\t\t<\/div>\n\t\t\t\t\t<\/div>\n\t\t<\/div>\n\t\t\t\t<div class=\"elementor-column elementor-col-50 elementor-top-column elementor-element elementor-element-e991dbc\" data-id=\"e991dbc\" data-element_type=\"column\">\n\t\t\t<div class=\"elementor-widget-wrap elementor-element-populated\">\n\t\t\t\t\t\t<div class=\"elementor-element elementor-element-60051e9 elementor-widget elementor-widget-google_maps\" data-id=\"60051e9\" data-element_type=\"widget\" data-widget_type=\"google_maps.default\">\n\t\t\t\t<div class=\"elementor-widget-container\">\n\t\t\t\t\t<div class=\"elementor-custom-embed\">\n\t\t\t<iframe loading=\"lazy\"\n\t\t\t\t\tsrc=\"https:\/\/maps.google.com\/maps?q=N%C3%A1dra%C5%BE%C3%AD%201120%20664%2053%20%C3%9Ajezd%20u%20Brna&#038;t=m&#038;z=13&#038;output=embed&#038;iwloc=near\"\n\t\t\t\t\ttitle=\"N\u00e1dra\u017e\u00ed 1120 664 53 \u00dajezd u Brna\"\n\t\t\t\t\taria-label=\"N\u00e1dra\u017e\u00ed 1120 664 53 \u00dajezd u Brna\"\n\t\t\t><\/iframe>\n\t\t<\/div>\n\t\t\t\t<\/div>\n\t\t\t\t<\/div>\n\t\t\t\t\t<\/div>\n\t\t<\/div>\n\t\t\t\t\t<\/div>\n\t\t<\/section>\n\t\t\t\t<\/div>\n\t\t","protected":false},"excerpt":{"rendered":"<p>Provozovna\/kancel\u00e1\u0159e\/sklad: ENTESIT s.r.o. N\u00e1dra\u017e\u00ed 1120 \u00dajezd u Brna 664 53 Kontakty: Tel.: +420 777 777 988 E-mail: info@entesit.cz www.entesit.cz Faktura\u010dn\u00ed \u00fadaje\/s\u00eddlo: ENTESIT s.r.o. Bezru\u010dova 694\/21 Brno 602 00 I\u010c: 29215641 DI\u010c: CZ29215641<\/p>\n","protected":false},"author":1,"featured_media":0,"parent":0,"menu_order":0,"comment_status":"closed","ping_status":"closed","template":"","meta":{"ngg_post_thumbnail":0,"footnotes":""},"class_list":["post-5","page","type-page","status-publish","hentry"],"_links":{"self":[{"href":"https:\/\/www.entesit.cz\/index.php\/wp-json\/wp\/v2\/pages\/5","targetHints":{"allow":["GET"]}}],"collection":[{"href":"https:\/\/www.entesit.cz\/index.php\/wp-json\/wp\/v2\/pages"}],"about":[{"href":"https:\/\/www.entesit.cz\/index.php\/wp-json\/wp\/v2\/types\/page"}],"author":[{"embeddable":true,"href":"https:\/\/www.entesit.cz\/index.php\/wp-json\/wp\/v2\/users\/1"}],"replies":[{"embeddable":true,"href":"https:\/\/www.entesit.cz\/index.php\/wp-json\/wp\/v2\/comments?post=5"}],"version-history":[{"count":57,"href":"https:\/\/www.entesit.cz\/index.php\/wp-json\/wp\/v2\/pages\/5\/revisions"}],"predecessor-version":[{"id":657,"href":"https:\/\/www.entesit.cz\/index.php\/wp-json\/wp\/v2\/pages\/5\/revisions\/657"}],"wp:attachment":[{"href":"https:\/\/www.entesit.cz\/index.php\/wp-json\/wp\/v2\/media?parent=5"}],"curies":[{"name":"wp","href":"https:\/\/api.w.org\/{rel}","templated":true}]}}